{"id":2,"date":"2022-10-14T01:52:20","date_gmt":"2022-10-14T01:52:20","guid":{"rendered":"https:\/\/www.karken.com.tr\/?page_id=2"},"modified":"2024-10-07T13:41:55","modified_gmt":"2024-10-07T13:41:55","slug":"contact-us","status":"publish","type":"page","link":"https:\/\/www.karken.com.tr\/index.php\/contact-us\/","title":{"rendered":"Contact Us"},"content":{"rendered":"\t\t<div data-elementor-type=\"wp-page\" data-elementor-id=\"2\" class=\"elementor elementor-2\">\n\t\t\t\t\t\t<section class=\"elementor-section elementor-top-section elementor-element elementor-element-2fd4349 elementor-section-boxed elementor-section-height-default elementor-section-height-default\" data-id=\"2fd4349\" data-element_type=\"section\" data-e-type=\"section\">\n\t\t\t\t\t\t<div class=\"elementor-container elementor-column-gap-default\">\n\t\t\t\t\t<div class=\"elementor-column elementor-col-100 elementor-top-column elementor-element elementor-element-2a9a0489\" data-id=\"2a9a0489\" data-element_type=\"column\" data-e-type=\"column\">\n\t\t\t<div class=\"elementor-widget-wrap elementor-element-populated\">\n\t\t\t\t\t\t<div class=\"elementor-element elementor-element-1340c1d8 elementor-widget elementor-widget-text-editor\" data-id=\"1340c1d8\" data-element_type=\"widget\" data-e-type=\"widget\" data-widget_type=\"text-editor.default\">\n\t\t\t\t<div class=\"elementor-widget-container\">\n\t\t\t\t\t\t\t\t\t<p><strong>Ka<\/strong><b>radeniz Kenevir End\u00fcstri A\u015e<\/b><\/p>\n<p>Eski Rize Hopa Yolu 53340 Sahilk\u00f6y\/Pazar\/Rize<\/p>\n<p><a href=\"https:\/\/maps.app.goo.gl\/z4o6jBT3WaEuJo7WA\">Map Link<\/a><\/p>\n<p><b>Our business hours:<\/b><\/p>\n<p>Monday &#8211; Friday 08.00 am &#8211; 06.00 pm GMT+3<\/p>\n<p>info@karken.com.tr<\/p>\n<p>\u00a0<\/p>\t\t\t\t\t\t\t\t<\/div>\n\t\t\t\t<\/div>\n\t\t\t\t\t<\/div>\n\t\t<\/div>\n\t\t\t\t\t<\/div>\n\t\t<\/section>\n\t\t\t\t<\/div>\n\t\t","protected":false},"excerpt":{"rendered":"<p>Karadeniz Kenevir End\u00fcstri A\u015e Eski Rize Hopa Yolu 53340 Sahilk\u00f6y\/Pazar\/Rize Map Link Our business hours: Monday &#8211; Friday 08.00 am &#8211; 06.00 pm GMT+3 info@karken.com.tr \u00a0<\/p>\n","protected":false},"author":1,"featured_media":0,"parent":0,"menu_order":0,"comment_status":"closed","ping_status":"closed","template":"","meta":{"footnotes":""},"class_list":["post-2","page","type-page","status-publish","hentry"],"jetpack_sharing_enabled":true,"_links":{"self":[{"href":"https:\/\/www.karken.com.tr\/index.php\/wp-json\/wp\/v2\/pages\/2","targetHints":{"allow":["GET"]}}],"collection":[{"href":"https:\/\/www.karken.com.tr\/index.php\/wp-json\/wp\/v2\/pages"}],"about":[{"href":"https:\/\/www.karken.com.tr\/index.php\/wp-json\/wp\/v2\/types\/page"}],"author":[{"embeddable":true,"href":"https:\/\/www.karken.com.tr\/index.php\/wp-json\/wp\/v2\/users\/1"}],"replies":[{"embeddable":true,"href":"https:\/\/www.karken.com.tr\/index.php\/wp-json\/wp\/v2\/comments?post=2"}],"version-history":[{"count":16,"href":"https:\/\/www.karken.com.tr\/index.php\/wp-json\/wp\/v2\/pages\/2\/revisions"}],"predecessor-version":[{"id":116,"href":"https:\/\/www.karken.com.tr\/index.php\/wp-json\/wp\/v2\/pages\/2\/revisions\/116"}],"wp:attachment":[{"href":"https:\/\/www.karken.com.tr\/index.php\/wp-json\/wp\/v2\/media?parent=2"}],"curies":[{"name":"wp","href":"https:\/\/api.w.org\/{rel}","templated":true}]}}